8.
2, 7, 191
List the prime factors of 12731.
29, 439
What are the prime factors of 170805?
3, 5, 59, 193
List the prime factors of 7294.
2, 7, 521
List the prime factors of 953.
953
What are the prime factors of 3925?
5, 157
List the prime factors of 10386.
2, 3, 577
List the prime factors of 5728.
2, 179
What are the prime factors of 1520?
2, 5, 19
List the prime factors of 151.
151
List the prime factors of 31604.
2, 7901
List the prime factors of 42315.
3, 5, 7, 13, 31
List the prime factors of 22048.
2, 13, 53
List the prime factors of 43854.
2, 3, 7309
What are the prime factors of 674?
2, 337
What are the prime factors of 194?
2, 97
List the prime factors of 585.
3, 5, 13
List the prime factors of 317.
317
List the prime factors of 3110.
2, 5, 311
List the prime factors of 16002.
2, 3, 7, 127
List the prime factors of 12046.
2, 19, 317
What are the prime factors of 15975?
3, 5, 71
What are the prime factors of 94355?
5, 113, 167
What are the prime factors of 19014?
2, 3, 3169
List the prime factors of 29373.
3, 9791
List the prime factors of 289.
17
List the prime factors of 241.
241
List the prime factors of 5130.
2, 3, 5, 19
What are the prime factors of 92?
2, 23
What are the prime factors of 3436?
2, 859
What are the prime factors of 9590?
2, 5, 7, 137
List the prime factors of 9091.
9091
List the prime factors of 1316.
2, 7, 47
List the prime factors of 6256.
2, 17, 23
What are the prime factors of 3241?
7, 463
List the prime factors of 5292.
2, 3, 7
List the prime factors of 44636.
2, 11159
What are the prime factors of 57649?
57649
List the prime factors of 9007.
9007
List the prime factors of 39567.
3, 11, 109
What are the prime factors of 44114?
2, 7, 23, 137
What are the prime factors of 618?
2, 3, 103
What are the prime factors of 2903?
2903
List the prime factors of 24712.
2, 3089
What are the prime factors of 2151?
3, 239
What are the prime factors of 1834?
2, 7, 131
What are the prime factors of 2920?
2, 5, 73
What are the prime factors of 18221?
7, 19, 137
List the prime factors of 25328.
2, 1583
What are the prime factors of 11015?
5, 2203
What are the prime factors of 2823?
3, 941
What are the prime factors of 9396?
2, 3, 29
What are the prime factors of 16240?
2, 5, 7, 29
List the prime factors of 12077.
13, 929
What are the prime factors of 1053?
3, 13
What are the prime factors of 89912?
2, 11239
What are the prime factors of 3063?
3, 1021
List the prime factors of 612.
2, 3, 17
List the prime factors of 40951.
31, 1321
List the prime factors of 1857.
3, 619
What are the prime factors of 95?
5, 19
What are the prime factors of 35497?
7, 11, 461
What are the prime factors of 70349?
103, 683
List the prime factors of 53764.
2, 13441
List the prime factors of 5163.
3, 1721
List the prime factors of 10469.
19, 29
List the prime factors of 3914.
2, 19, 103
List the prime factors of 17806.
2, 29, 307
List the prime factors of 7336.
2, 7, 131
What are the prime factors of 105308?
2, 7, 3761
What are the prime factors of 835?
5, 167
List the prime factors of 118359.
3, 13151
List the prime factors of 36317.
23, 1579
What are the prime factors of 3531?
3, 11, 107
List the prime factors of 23267.
53, 439
List the prime factors of 6138.
2, 3, 11, 31
List the prime factors of 19366.
2, 23, 421
What are the prime factors of 18156?
2, 3, 17, 89
What are the prime factors of 3402?
2, 3, 7
What are the prime factors of 1257?
3, 419
List the prime factors of 18074.
2, 7, 1291
List the prime factors of 1203.
3, 401
What are the prime factors of 35534?
2, 109, 163
What are the prime factors of 1148?
2, 7, 41
List the prime factors of 64577.
64577
List the prime factors of 10490.
2, 5, 1049
List the prime factors of 16.
2
List the prime factors of 20550.
2, 3, 5, 137
List the prime factors of 562.
2, 281
What are the prime factors of 8719?
8719
What are the prime factors of 679?
7, 97
What are the prime factors of 3829?
7, 547
What are the prime factors of 836?
2, 11, 19
What are the prime factors of 3514?
2, 7, 251
What are the prime factors of 1608?
2, 3, 67
List the prime factors of 62400.
2, 3, 5, 13
List the prime factors of 1846.
2, 13, 71
List the prime factors of 143676.
2, 3, 13, 307
What are the prime factors of 29400?
2, 3, 5, 7
What are the prime factors of 102491?
113, 907
List the prime factors of 106500.
2, 3, 5, 71
What are the prime factors of 12057?
3, 4019
List the prime factors of 23942.
2, 11971
What are the prime factors of 2458?
2, 1229
What are the prime factors of 32893?
7, 37, 127
List the prime factors of 7469.
7, 11, 97
List the prime factors of 13675.
5, 547
What are the prime factors of 72072?
2, 3, 7, 11, 13
List the prime factors of 651.
3, 7, 31
What are the prime factors of 26102?
2, 31, 421
List the prime factors of 822.
2, 3, 137
List the prime factors of 9642.
2, 3, 1607
What are the prime factors of 1106?
2, 7, 79
What are the prime factors of 17067?
3, 5689
What are the prime factors of 5104?
2, 11, 29
What are the prime factors of 11455?
5, 29, 79
What are the prime factors of 768?
2, 3
List the prime factors of 2310.
2, 3, 5, 7, 11
List the prime factors of 53949.
3, 7, 367
What are the prime factors of 11663?
107, 109
What are the prime factors of 2976?
2, 3, 31
What are the prime factors of 91038?
2, 3, 15173
List the prime factors of 2492.
2, 7, 89
List the prime factors of 239.
239
List the prime factors of 39944.
2, 4993
What are the prime factors of 1702?
2, 23, 37
What are the prime factors of 1890?
2, 3, 5, 7
List the prime factors of 1940.
2, 5, 97
What are the prime factors of 29262?
2, 3, 4877
List the prime factors of 15515.
5, 29, 107
List the prime factors of 5105.
5, 1021
What are the prime factors of 686?
2, 7
List the prime factors of 11733.
3, 3911
List the prime factors of 136838.
2, 13, 19, 277
What are the prime factors of 1269?
3, 47
What are the prime factors of 59259?
3, 19753
List the prime factors of 1906.
2, 953
What are the prime factors of 2276?
2, 569
List the prime factors of 203431.
203431
List the prime factors of 101546.
2, 50773
What are the prime factors of 2908?
2, 727
What are the prime factors of 29585?
5, 61, 97
What are the prime factors of 1913?
1913
List the prime factors of 6075.
3, 5
What are the prime factors of 7795?
5, 1559
List the prime factors of 3531.
3, 11, 107
What are the prime factors of 5817?
3, 7, 277
List the prime factors of 88621.
13, 17, 401
List the prime factors of 759.
3, 11, 23
List the prime factors of 3699.
3, 137
What are the prime factors of 32399?
179, 181
What are the prime factors of 1143?
3, 127
What are the prime factors of 4326?
2, 3, 7, 103
List the prime factors of 8394.
2, 3, 1399
What are the prime factors of 316?
2, 79
What are the prime factors of 1049?
1049
List the prime factors of 1736.
2, 7, 31
What are the prime factors of 28256?
2, 883
What are the prime factors of 212?
2, 53
List the prime factors of 1901.
1901
What are the prime factors of 832?
2, 13
List the prime factors of 24984.
2, 3, 347
What are the prime factors of 1837?
11, 167
List the prime factors of 2621.
2621
List the prime factors of 1452.
2, 3, 11
List the prime factors of 52711.
52711
What are the prime factors of 20267?
13, 1559
What are the prime factors of 524?
2, 131
List the prime factors of 108331.
127, 853
List the prime factors of 4605.
3, 5, 307
List the prime factors of 36313.
36313
List the prime factors of 10852.
2, 2713
What are the prime factors of 1909?
23, 83
List the prime factors of 24467.
43, 569
What are the prime factors of 788?
2, 197
What are the prime factors of 44476?
2, 11119
What are the prime factors of 22860?
2, 3, 5, 127
List the prime factors of 69.
3, 23
List the prime factors of 4793.
4793
What are the prime factors of 63692?
2, 15923
What are the prime factors of 2525?
5, 101
List the prime factors of 2145.
3, 5, 11, 13
What are the prime factors of 7310?
2, 5, 17, 43
What are the prime factors of 147887?
41, 3607
List the prime factors of 5097.
3, 1699
List the prime factors of 35508.
2, 3, 11, 269
List the prime factors of 110476.
2, 71, 389
What are the prime factors of 27171?
3, 3019
List the prime factors of 2997.
3, 37
What are the prime factors of 43437?
3, 14479
List the prime factors of 16847.
1